{"id":16,"date":"2025-09-25T14:50:02","date_gmt":"2025-09-25T14:50:02","guid":{"rendered":"https:\/\/raisavalimaki.fi\/?page_id=16"},"modified":"2025-10-09T14:46:52","modified_gmt":"2025-10-09T14:46:52","slug":"cv","status":"publish","type":"page","link":"https:\/\/raisavalimaki.fi\/index.php\/cv\/","title":{"rendered":"CV"},"content":{"rendered":"\n<p><strong>Raisa V\u00e4lim\u00e4ki-Kuronen<\/strong><\/p>\n\n\n\n<p>Terveydenhoitaja, kuntap\u00e4\u00e4tt\u00e4j\u00e4, M\u00e4nts\u00e4l\u00e4n kunnanvaltuutettu (sd.)<\/p>\n\n\n\n<p><strong>M\u00e4nts\u00e4l\u00e4 | synt. 1988<\/strong><\/p>\n\n\n\n<p><em>&#8221;Jos en tied\u00e4, kysyn. Jos tied\u00e4n, autan muita.&#8221;<\/em><\/p>\n\n\n\n<p><strong>Koulutus<\/strong><\/p>\n\n\n\n<ul class=\"wp-block-list\">\n<li>AMK, sairaanhoitaja ja terveydenhoitaja, 2012<\/li>\n<\/ul>\n\n\n\n<p><strong>Ty\u00f6kokemus<\/strong><\/p>\n\n\n\n<ul class=\"wp-block-list\">\n<li><strong>Terveydenhoitaja, J\u00e4rvenp\u00e4\u00e4n neuvola (Keusote, 2019\u2013)<\/strong>\n<ul class=\"wp-block-list\">\n<li>\u00c4itiys- ja lastenneuvola<\/li>\n\n\n\n<li>Vastuualueina kehitt\u00e4misty\u00f6, hoitopolkujen laatiminen, mentorointi ja koulutus<\/li>\n<\/ul>\n<\/li>\n\n\n\n<li><strong>Sairaanhoitaja, HUS Jorvin sairaala (2012\u20132019)<\/strong>\n<ul class=\"wp-block-list\">\n<li>Vastasyntyneiden ja keskosten tehovalvontaosasto<\/li>\n\n\n\n<li>Lastenosasto (infektio-, kirurgiset ja pediatriset potilaat)<\/li>\n<\/ul>\n<\/li>\n\n\n\n<li><strong>Aiemmin kokemusta mm. mielenterveyskuntoutuksesta, vanhusty\u00f6st\u00e4 sek\u00e4 koulunk\u00e4ynnin avustajana<\/strong><\/li>\n<\/ul>\n\n\n\n<p><strong>&nbsp;Poliittiset ja luottamusteht\u00e4v\u00e4t<\/strong><\/p>\n\n\n\n<ul class=\"wp-block-list\">\n<li>M\u00e4nts\u00e4l\u00e4n kunnanvaltuutettu (sd.), 2025\u2013<\/li>\n\n\n\n<li>Hyvinvointilautakunnan j\u00e4sen, M\u00e4nts\u00e4l\u00e4<\/li>\n\n\n\n<li>Aluevaltuuston varaj\u00e4sen, Keusote<\/li>\n\n\n\n<li>Tarkastuslautakunnan varaj\u00e4sen, Keusote<\/li>\n\n\n\n<li>Uudenmaan SDP:n sotety\u00f6ryhm\u00e4n j\u00e4sen<\/li>\n\n\n\n<li>Vuoden hyvinvointiteko -raadin j\u00e4sen<\/li>\n<\/ul>\n\n\n\n<p><strong> Kehitt\u00e4mis- ja asiantuntijaty\u00f6<\/strong><\/p>\n\n\n\n<ul class=\"wp-block-list\">\n<li>Keusoten kehitt\u00e4misty\u00f6ryhm\u00e4n j\u00e4sen<\/li>\n\n\n\n<li>Laatinut allergisen lapsen hoitopolun sek\u00e4 ollut mukana laatimassa ylipainoisen odottajan hoitopolun Keusotelle<\/li>\n\n\n\n<li>Mentorina ja kouluttajana mielenterveystalon lasten omahoito-ohjelmissa<\/li>\n\n\n\n<li>Toimituskunnan j\u00e4sen, Suomen Terveydenhoitajaliiton lehti (2025\u2013)<\/li>\n\n\n\n<li>Palkittu <em>Nopsa-kehitt\u00e4mispalkinnolla<\/em> (2014)<\/li>\n<\/ul>\n\n\n\n<p><strong>&nbsp;Some ja viestint\u00e4<\/strong><\/p>\n\n\n\n<ul class=\"wp-block-list\">\n<li>Aktiivinen somessa: Tiktok, Facebook, Instagram ja Linkedin.\n<ul class=\"wp-block-list\">\n<li>Aiheina neuvolaty\u00f6, vanhemmuus, raskaus, allergiat ja ajankohtaiset sote-kysymykset<\/li>\n<\/ul>\n<\/li>\n\n\n\n<li>Kirjoittanut mielipidekirjoituksia mm. <em>Helsingin Sanomiin<\/em>, <em>Keski-Uusimaahan ja M\u00e4nts\u00e4l\u00e4n uutisiin<\/em><\/li>\n\n\n\n<li>Kehitteill\u00e4 podcast \u201cTerkkarin matkassa\u201d<\/li>\n<\/ul>\n\n\n\n<p><strong>&nbsp;J\u00e4rjest\u00f6toiminta ja harrastukset<\/strong><\/p>\n\n\n\n<ul class=\"wp-block-list\">\n<li>Hallituksen j\u00e4sen ja sihteeri, Vanhaenglanninlammaskoira-yhdistys<\/li>\n\n\n\n<li>Aiemmin mm. kesyrottayhdistyksen hallituksessa ja Allergia-, iho- ja astmaliiton ty\u00f6ryhm\u00e4ss\u00e4<\/li>\n\n\n\n<li>Vapaa-ajalla koiraharrastus ja kirjoittaminen<\/li>\n<\/ul>\n\n\n\n<p><strong>Vahvuudet<\/strong><\/p>\n\n\n\n<ul class=\"wp-block-list\">\n<li>Sosiaalinen, kuunteleva ja rohkea mielipiteiden sanoittaja<\/li>\n\n\n\n<li>Sitoutunut ja pitk\u00e4j\u00e4nteinen kehitt\u00e4j\u00e4<\/li>\n\n\n\n<li>Vahva kokemus sosiaali- ja terveydenhuollon arjesta ja kehitt\u00e4misest\u00e4<\/li>\n\n\n\n<li>Uskon, ett\u00e4 <em>yhdess\u00e4 olemme enemm\u00e4n<\/em><\/li>\n<\/ul>\n\n\n\n<p><\/p>\n","protected":false},"excerpt":{"rendered":"<p>Raisa V\u00e4lim\u00e4ki-Kuronen Terveydenhoitaja, kuntap\u00e4\u00e4tt\u00e4j\u00e4, M\u00e4nts\u00e4l\u00e4n kunnanvaltuutettu (sd.) M\u00e4nts\u00e4l\u00e4 | synt. 1988 &#8221;Jos en tied\u00e4, kysyn. Jos tied\u00e4n, autan muita.&#8221; Koulutus [&hellip;]<\/p>\n","protected":false},"author":1,"featured_media":0,"parent":0,"menu_order":0,"comment_status":"closed","ping_status":"closed","template":"","meta":{"site-sidebar-layout":"default","site-content-layout":"","ast-site-content-layout":"default","site-content-style":"default","site-sidebar-style":"default","ast-global-header-display":"","ast-banner-title-visibility":"","ast-main-header-display":"","ast-hfb-above-header-display":"","ast-hfb-below-header-display":"","ast-hfb-mobile-header-display":"","site-post-title":"","ast-breadcrumbs-content":"","ast-featured-img":"","footer-sml-layout":"","ast-disable-related-posts":"","theme-transparent-header-meta":"","adv-header-id-meta":"","stick-header-meta":"","header-above-stick-meta":"","header-main-stick-meta":"","header-below-stick-meta":"","astra-migrate-meta-layouts":"default","ast-page-background-enabled":"default","ast-page-background-meta":{"desktop":{"background-color":"var(--ast-global-color-5)","background-image":"","background-repeat":"repeat","background-position":"center center","background-size":"auto","background-attachment":"scroll","background-type":"","background-media":"","overlay-type":"","overlay-color":"","overlay-opacity":"","overlay-gradient":""},"tablet":{"background-color":"","background-image":"","background-repeat":"repeat","background-position":"center center","background-size":"auto","background-attachment":"scroll","background-type":"","background-media":"","overlay-type":"","overlay-color":"","overlay-opacity":"","overlay-gradient":""},"mobile":{"background-color":"","background-image":"","background-repeat":"repeat","background-position":"center center","background-size":"auto","background-attachment":"scroll","background-type":"","background-media":"","overlay-type":"","overlay-color":"","overlay-opacity":"","overlay-gradient":""}},"ast-content-background-meta":{"desktop":{"background-color":"var(--ast-global-color-4)","background-image":"","background-repeat":"repeat","background-position":"center center","background-size":"auto","background-attachment":"scroll","background-type":"","background-media":"","overlay-type":"","overlay-color":"","overlay-opacity":"","overlay-gradient":""},"tablet":{"background-color":"var(--ast-global-color-4)","background-image":"","background-repeat":"repeat","background-position":"center center","background-size":"auto","background-attachment":"scroll","background-type":"","background-media":"","overlay-type":"","overlay-color":"","overlay-opacity":"","overlay-gradient":""},"mobile":{"background-color":"var(--ast-global-color-4)","background-image":"","background-repeat":"repeat","background-position":"center center","background-size":"auto","background-attachment":"scroll","background-type":"","background-media":"","overlay-type":"","overlay-color":"","overlay-opacity":"","overlay-gradient":""}},"footnotes":""},"class_list":["post-16","page","type-page","status-publish","hentry"],"yoast_head":"<!-- This site is optimized with the Yoast SEO plugin v27.5 - https:\/\/yoast.com\/product\/yoast-seo-wordpress\/ -->\n<title>CV - Raisa V&auml;lim&auml;ki-Kuronen<\/title>\n<meta name=\"robots\" content=\"index, follow, max-snippet:-1, max-image-preview:large, max-video-preview:-1\" \/>\n<link rel=\"canonical\" href=\"https:\/\/raisavalimaki.fi\/index.php\/cv\/\" \/>\n<meta property=\"og:locale\" content=\"fi_FI\" \/>\n<meta property=\"og:type\" content=\"article\" \/>\n<meta property=\"og:title\" content=\"CV - Raisa V&auml;lim&auml;ki-Kuronen\" \/>\n<meta property=\"og:description\" content=\"Raisa V\u00e4lim\u00e4ki-Kuronen Terveydenhoitaja, kuntap\u00e4\u00e4tt\u00e4j\u00e4, M\u00e4nts\u00e4l\u00e4n kunnanvaltuutettu (sd.) M\u00e4nts\u00e4l\u00e4 | synt. 1988 &#8221;Jos en tied\u00e4, kysyn. Jos tied\u00e4n, autan muita.&#8221; Koulutus [&hellip;]\" \/>\n<meta property=\"og:url\" content=\"https:\/\/raisavalimaki.fi\/index.php\/cv\/\" \/>\n<meta property=\"og:site_name\" content=\"Raisa V&auml;lim&auml;ki-Kuronen\" \/>\n<meta property=\"article:modified_time\" content=\"2025-10-09T14:46:52+00:00\" \/>\n<meta name=\"twitter:card\" content=\"summary_large_image\" \/>\n<meta name=\"twitter:label1\" content=\"Arvioitu lukuaika\" \/>\n\t<meta name=\"twitter:data1\" content=\"2 minuuttia\" \/>\n<script type=\"application\/ld+json\" class=\"yoast-schema-graph\">{\"@context\":\"https:\\\/\\\/schema.org\",\"@graph\":[{\"@type\":\"WebPage\",\"@id\":\"https:\\\/\\\/raisavalimaki.fi\\\/index.php\\\/cv\\\/\",\"url\":\"https:\\\/\\\/raisavalimaki.fi\\\/index.php\\\/cv\\\/\",\"name\":\"CV - Raisa V&auml;lim&auml;ki-Kuronen\",\"isPartOf\":{\"@id\":\"https:\\\/\\\/raisavalimaki.fi\\\/#website\"},\"datePublished\":\"2025-09-25T14:50:02+00:00\",\"dateModified\":\"2025-10-09T14:46:52+00:00\",\"breadcrumb\":{\"@id\":\"https:\\\/\\\/raisavalimaki.fi\\\/index.php\\\/cv\\\/#breadcrumb\"},\"inLanguage\":\"fi\",\"potentialAction\":[{\"@type\":\"ReadAction\",\"target\":[\"https:\\\/\\\/raisavalimaki.fi\\\/index.php\\\/cv\\\/\"]}]},{\"@type\":\"BreadcrumbList\",\"@id\":\"https:\\\/\\\/raisavalimaki.fi\\\/index.php\\\/cv\\\/#breadcrumb\",\"itemListElement\":[{\"@type\":\"ListItem\",\"position\":1,\"name\":\"Etusivu\",\"item\":\"https:\\\/\\\/raisavalimaki.fi\\\/\"},{\"@type\":\"ListItem\",\"position\":2,\"name\":\"CV\"}]},{\"@type\":\"WebSite\",\"@id\":\"https:\\\/\\\/raisavalimaki.fi\\\/#website\",\"url\":\"https:\\\/\\\/raisavalimaki.fi\\\/\",\"name\":\"Raisa V\u00e4lim\u00e4ki-Kuronen\",\"description\":\"\",\"potentialAction\":[{\"@type\":\"SearchAction\",\"target\":{\"@type\":\"EntryPoint\",\"urlTemplate\":\"https:\\\/\\\/raisavalimaki.fi\\\/?s={search_term_string}\"},\"query-input\":{\"@type\":\"PropertyValueSpecification\",\"valueRequired\":true,\"valueName\":\"search_term_string\"}}],\"inLanguage\":\"fi\"}]}<\/script>\n<!-- \/ Yoast SEO plugin. -->","yoast_head_json":{"title":"CV - Raisa V&auml;lim&auml;ki-Kuronen","robots":{"index":"index","follow":"follow","max-snippet":"max-snippet:-1","max-image-preview":"max-image-preview:large","max-video-preview":"max-video-preview:-1"},"canonical":"https:\/\/raisavalimaki.fi\/index.php\/cv\/","og_locale":"fi_FI","og_type":"article","og_title":"CV - Raisa V&auml;lim&auml;ki-Kuronen","og_description":"Raisa V\u00e4lim\u00e4ki-Kuronen Terveydenhoitaja, kuntap\u00e4\u00e4tt\u00e4j\u00e4, M\u00e4nts\u00e4l\u00e4n kunnanvaltuutettu (sd.) M\u00e4nts\u00e4l\u00e4 | synt. 1988 &#8221;Jos en tied\u00e4, kysyn. Jos tied\u00e4n, autan muita.&#8221; Koulutus [&hellip;]","og_url":"https:\/\/raisavalimaki.fi\/index.php\/cv\/","og_site_name":"Raisa V&auml;lim&auml;ki-Kuronen","article_modified_time":"2025-10-09T14:46:52+00:00","twitter_card":"summary_large_image","twitter_misc":{"Arvioitu lukuaika":"2 minuuttia"},"schema":{"@context":"https:\/\/schema.org","@graph":[{"@type":"WebPage","@id":"https:\/\/raisavalimaki.fi\/index.php\/cv\/","url":"https:\/\/raisavalimaki.fi\/index.php\/cv\/","name":"CV - Raisa V&auml;lim&auml;ki-Kuronen","isPartOf":{"@id":"https:\/\/raisavalimaki.fi\/#website"},"datePublished":"2025-09-25T14:50:02+00:00","dateModified":"2025-10-09T14:46:52+00:00","breadcrumb":{"@id":"https:\/\/raisavalimaki.fi\/index.php\/cv\/#breadcrumb"},"inLanguage":"fi","potentialAction":[{"@type":"ReadAction","target":["https:\/\/raisavalimaki.fi\/index.php\/cv\/"]}]},{"@type":"BreadcrumbList","@id":"https:\/\/raisavalimaki.fi\/index.php\/cv\/#breadcrumb","itemListElement":[{"@type":"ListItem","position":1,"name":"Etusivu","item":"https:\/\/raisavalimaki.fi\/"},{"@type":"ListItem","position":2,"name":"CV"}]},{"@type":"WebSite","@id":"https:\/\/raisavalimaki.fi\/#website","url":"https:\/\/raisavalimaki.fi\/","name":"Raisa V\u00e4lim\u00e4ki-Kuronen","description":"","potentialAction":[{"@type":"SearchAction","target":{"@type":"EntryPoint","urlTemplate":"https:\/\/raisavalimaki.fi\/?s={search_term_string}"},"query-input":{"@type":"PropertyValueSpecification","valueRequired":true,"valueName":"search_term_string"}}],"inLanguage":"fi"}]}},"_links":{"self":[{"href":"https:\/\/raisavalimaki.fi\/index.php\/wp-json\/wp\/v2\/pages\/16","targetHints":{"allow":["GET"]}}],"collection":[{"href":"https:\/\/raisavalimaki.fi\/index.php\/wp-json\/wp\/v2\/pages"}],"about":[{"href":"https:\/\/raisavalimaki.fi\/index.php\/wp-json\/wp\/v2\/types\/page"}],"author":[{"embeddable":true,"href":"https:\/\/raisavalimaki.fi\/index.php\/wp-json\/wp\/v2\/users\/1"}],"replies":[{"embeddable":true,"href":"https:\/\/raisavalimaki.fi\/index.php\/wp-json\/wp\/v2\/comments?post=16"}],"version-history":[{"count":8,"href":"https:\/\/raisavalimaki.fi\/index.php\/wp-json\/wp\/v2\/pages\/16\/revisions"}],"predecessor-version":[{"id":49,"href":"https:\/\/raisavalimaki.fi\/index.php\/wp-json\/wp\/v2\/pages\/16\/revisions\/49"}],"wp:attachment":[{"href":"https:\/\/raisavalimaki.fi\/index.php\/wp-json\/wp\/v2\/media?parent=16"}],"curies":[{"name":"wp","href":"https:\/\/api.w.org\/{rel}","templated":true}]}}

<p><strong>Raisa Välimäki-Kuronen</strong></p>



<p>Terveydenhoitaja, kuntapäättäjä, Mäntsälän kunnanvaltuutettu (sd.)</p>



<p><strong>Mäntsälä | synt. 1988</strong></p>



<p><em>&#8221;Jos en tiedä, kysyn. Jos tiedän, autan muita.&#8221;</em></p>



<p><strong>Koulutus</strong></p>



<ul class="wp-block-list">
<li>AMK, sairaanhoitaja ja terveydenhoitaja, 2012</li>
</ul>



<p><strong>Työkokemus</strong></p>



<ul class="wp-block-list">
<li><strong>Terveydenhoitaja, Järvenpään neuvola (Keusote, 2019–)</strong>
<ul class="wp-block-list">
<li>Äitiys- ja lastenneuvola</li>



<li>Vastuualueina kehittämistyö, hoitopolkujen laatiminen, mentorointi ja koulutus</li>
</ul>
</li>



<li><strong>Sairaanhoitaja, HUS Jorvin sairaala (2012–2019)</strong>
<ul class="wp-block-list">
<li>Vastasyntyneiden ja keskosten tehovalvontaosasto</li>



<li>Lastenosasto (infektio-, kirurgiset ja pediatriset potilaat)</li>
</ul>
</li>



<li><strong>Aiemmin kokemusta mm. mielenterveyskuntoutuksesta, vanhustyöstä sekä koulunkäynnin avustajana</strong></li>
</ul>



<p><strong>&nbsp;Poliittiset ja luottamustehtävät</strong></p>



<ul class="wp-block-list">
<li>Mäntsälän kunnanvaltuutettu (sd.), 2025–</li>



<li>Hyvinvointilautakunnan jäsen, Mäntsälä</li>



<li>Aluevaltuuston varajäsen, Keusote</li>



<li>Tarkastuslautakunnan varajäsen, Keusote</li>



<li>Uudenmaan SDP:n sotetyöryhmän jäsen</li>



<li>Vuoden hyvinvointiteko -raadin jäsen</li>
</ul>



<p><strong> Kehittämis- ja asiantuntijatyö</strong></p>



<ul class="wp-block-list">
<li>Keusoten kehittämistyöryhmän jäsen</li>



<li>Laatinut allergisen lapsen hoitopolun sekä ollut mukana laatimassa ylipainoisen odottajan hoitopolun Keusotelle</li>



<li>Mentorina ja kouluttajana mielenterveystalon lasten omahoito-ohjelmissa</li>



<li>Toimituskunnan jäsen, Suomen Terveydenhoitajaliiton lehti (2025–)</li>



<li>Palkittu <em>Nopsa-kehittämispalkinnolla</em> (2014)</li>
</ul>



<p><strong>&nbsp;Some ja viestintä</strong></p>



<ul class="wp-block-list">
<li>Aktiivinen somessa: Tiktok, Facebook, Instagram ja Linkedin.
<ul class="wp-block-list">
<li>Aiheina neuvolatyö, vanhemmuus, raskaus, allergiat ja ajankohtaiset sote-kysymykset</li>
</ul>
</li>



<li>Kirjoittanut mielipidekirjoituksia mm. <em>Helsingin Sanomiin</em>, <em>Keski-Uusimaahan ja Mäntsälän uutisiin</em></li>



<li>Kehitteillä podcast “Terkkarin matkassa”</li>
</ul>



<p><strong>&nbsp;Järjestötoiminta ja harrastukset</strong></p>



<ul class="wp-block-list">
<li>Hallituksen jäsen ja sihteeri, Vanhaenglanninlammaskoira-yhdistys</li>



<li>Aiemmin mm. kesyrottayhdistyksen hallituksessa ja Allergia-, iho- ja astmaliiton työryhmässä</li>



<li>Vapaa-ajalla koiraharrastus ja kirjoittaminen</li>
</ul>



<p><strong>Vahvuudet</strong></p>



<ul class="wp-block-list">
<li>Sosiaalinen, kuunteleva ja rohkea mielipiteiden sanoittaja</li>



<li>Sitoutunut ja pitkäjänteinen kehittäjä</li>



<li>Vahva kokemus sosiaali- ja terveydenhuollon arjesta ja kehittämisestä</li>



<li>Uskon, että <em>yhdessä olemme enemmän</em></li>
</ul>



<p></p>

<p>Raisa Välimäki-Kuronen Terveydenhoitaja, kuntapäättäjä, Mäntsälän kunnanvaltuutettu (sd.) Mäntsälä | synt. 1988 &#8221;Jos en tiedä, kysyn. Jos tiedän, autan muita.&#8221; Koulutus [&hellip;]</p>

<!-- This site is optimized with the Yoast SEO plugin v27.5 - https://yoast.com/product/yoast-seo-wordpress/ -->
<title>CV - Raisa V&auml;lim&auml;ki-Kuronen</title>
<meta name="robots" content="index, follow, max-snippet:-1, max-image-preview:large, max-video-preview:-1" />
<link rel="canonical" href="https://raisavalimaki.fi/index.php/cv/" />
<meta property="og:locale" content="fi_FI" />
<meta property="og:type" content="article" />
<meta property="og:title" content="CV - Raisa V&auml;lim&auml;ki-Kuronen" />
<meta property="og:description" content="Raisa Välimäki-Kuronen Terveydenhoitaja, kuntapäättäjä, Mäntsälän kunnanvaltuutettu (sd.) Mäntsälä | synt. 1988 &#8221;Jos en tiedä, kysyn. Jos tiedän, autan muita.&#8221; Koulutus [&hellip;]" />
<meta property="og:url" content="https://raisavalimaki.fi/index.php/cv/" />
<meta property="og:site_name" content="Raisa V&auml;lim&auml;ki-Kuronen" />
<meta property="article:modified_time" content="2025-10-09T14:46:52+00:00" />
<meta name="twitter:card" content="summary_large_image" />
<meta name="twitter:label1" content="Arvioitu lukuaika" />
	<meta name="twitter:data1" content="2 minuuttia" />
<script type="application/ld+json" class="yoast-schema-graph">{"@context":"https:\/\/schema.org","@graph":[{"@type":"WebPage","@id":"https:\/\/raisavalimaki.fi\/index.php\/cv\/","url":"https:\/\/raisavalimaki.fi\/index.php\/cv\/","name":"CV - Raisa V&auml;lim&auml;ki-Kuronen","isPartOf":{"@id":"https:\/\/raisavalimaki.fi\/#website"},"datePublished":"2025-09-25T14:50:02+00:00","dateModified":"2025-10-09T14:46:52+00:00","breadcrumb":{"@id":"https:\/\/raisavalimaki.fi\/index.php\/cv\/#breadcrumb"},"inLanguage":"fi","potentialAction":[{"@type":"ReadAction","target":["https:\/\/raisavalimaki.fi\/index.php\/cv\/"]}]},{"@type":"BreadcrumbList","@id":"https:\/\/raisavalimaki.fi\/index.php\/cv\/#breadcrumb","itemListElement":[{"@type":"ListItem","position":1,"name":"Etusivu","item":"https:\/\/raisavalimaki.fi\/"},{"@type":"ListItem","position":2,"name":"CV"}]},{"@type":"WebSite","@id":"https:\/\/raisavalimaki.fi\/#website","url":"https:\/\/raisavalimaki.fi\/","name":"Raisa Välimäki-Kuronen","description":"","potentialAction":[{"@type":"SearchAction","target":{"@type":"EntryPoint","urlTemplate":"https:\/\/raisavalimaki.fi\/?s={search_term_string}"},"query-input":{"@type":"PropertyValueSpecification","valueRequired":true,"valueName":"search_term_string"}}],"inLanguage":"fi"}]}</script>
<!-- / Yoast SEO plugin. -->

Raisa Välimäki-Kuronen Terveydenhoitaja, kuntapäättäjä, Mäntsälän kunnanvaltuutettu (sd.) Mäntsälä | synt. 1988 &#8221;Jos en tiedä, kysyn. Jos tiedän, autan muita.&#8221; Koulutus [&hellip;]

Raisa Välimäki-Kuronen
